= -50 + t. List the prime factors of x.
2, 29
Let a be 1 - (48/(-4))/4. Suppose 2*h + 14 = -y, a*y + 5*h = -15 - 35. List the prime factors of 47 - (1/(-5) - 22/y).
3, 5
Suppose 3*y + 77 = -2*w, 4*w - 14 + 43 = -y. Let b be 5/y + (-1)/(10/98). List the prime factors of (49*2)/2 + (b - -13).
2, 13
Suppose 38*b = -2065 + 17263 + 85958. List the prime factors of b.
2, 11
Let o(k) = -k**2 - 17*k - 21. Let x be (3/2)/(3/(-12)). What are the prime factors of o(x)?
3, 5
Let i(b) = b**2 + 19*b + 2. Let o be i(-19). List the prime factors of 183/o - -1*3/6.
2, 23
List the prime factors of 852660/15*(50/(-20))/(-5).
2, 3, 1579
Let x = -343 + -98. Let y = 830 + x. What are the prime factors of y?
389
Suppose 0*t - 42 = -7*t. Suppose -t = o - 2. What are the prime factors of o/18 + 4121/117?
5, 7
Let f(g) = 996*g + 157. Let k be f(10). Suppose 0 = -54*l + k - 2449. List the prime factors of l.
2, 71
Let c = 14 + -4. Let m(r) be the third derivative of r**4/6 - 35*r**3/6 + 6*r**2 - 3*r - 79. List the prime factors of m(c).
5
Suppose -69668 = -5*t + 4*c, -2*t + 4*c = -t - 13956. What are the prime factors of t?
2, 1741
Suppose 107*q = 3*k + 103*q - 11788, 5*k - 3*q - 19643 = 0. List the prime factors of k.
2, 491
Let g be -1*((-2)/(-3) + 1344/(-18)). Let a = 192 + g. What are the prime factors of a?
2, 7, 19
Let z(p) = -p**3 - 18*p**2 + 48*p - 21. Let l(b) = b**2 + b - 1. Let s(u) = l(u) - z(u). List the prime factors of s(-18).
2, 5, 7, 17
Suppose 90*k - 87*k - 71019 = -5*d, 0 = -d - 5*k + 14217. What are the prime factors of d?
2, 3, 263
Let c(g) be the first derivative of 31*g**3/3 - 11*g**2/2 + 4*g + 164. List the prime factors of c(-3).
2, 79
Suppose -5*b = -5*a + 87770, -2*a + 36540 = 4*b + 1396. List the prime factors of a.
2, 5, 439
Suppose 1036 = 3*v + 5*r, 0 = -5*v + 5*r - 3*r + 1768. Suppose t = -a + v, a + 337 = t - a. List the prime factors of t.
347
Let m(y) = 65*y - 1. Suppose -4*c + 16 = -5*o + 4, -c = 2*o + 10. Let v be o/10*30/(-4). What are the prime factors of m(v)?
2, 97
Let a be (-1)/(-6) + -1 + (-1606)/(-12). Let h = 265 - a. List the prime factors of h.
2, 3, 11
Let i(z) = -826*z + 1214. What are the prime factors of i(-67)?
2, 3, 1571
Let d(s) = s**2 - 12*s - 25. Let g(c) = -29*c. Let w be g(-4). Suppose -4*z = v + 31 - w, -3*z - 5*v + 85 = 0. What are the prime factors of d(z)?
3, 5
Let d(l) = -l + 6. Let a be d(0). Suppose -2 = 2*y - a. List the prime factors of (-183)/(-15) - y/10.
2, 3
Suppose -96*c + 102*c - 96 = 0. List the prime factors of 6903/15 - (c/20)/4.
2, 5, 23
Let z = -114 + 636. Suppose 0 = -6*l + 330 + z. List the prime factors of l.
2, 71
Let j = 110 + 121. Suppose 4*m + r + 580 = -r, -2*r = 0. Let p = j + m. List the prime factors of p.
2, 43
Let f = 28 + -2. Let h(a) = 3*a - 3. Let i be h(-6). Let l = f + i. List the prime factors of l.
5
Let j be (6*-2)/((-21)/70). Let d = j + 137. List the prime factors of d.
3, 59
Suppose -27802 = d - 5*d + 5*z, -5*d + 34744 = -2*z. List the prime factors of d.
2, 3, 193
Let l(s) = 7*s**2 - 4*s - 28. What are the prime factors of l(-18)?
2, 17
Suppose 0 = -5*j + 2*o, 0 = 4*j - 3*j + 4*o + 22. What are the prime factors of 2/((-1)/(-1))*(-499)/j?
499
Let m be 45/(-60) - 171/(-4). Let c be (m + -44)/((-2)/23 - 0). Suppose -2*x = -x - c. List the prime factors of x.
23
Let t(v) = v**3 + 7*v**2 + 9*v - 5. Let d be (2 + -7)/(-5 + 6). Let r be t(d). Suppose r = -0*m + 2*m - 68. What are the prime factors of m?
2, 17
Suppose 0 = 4*z + 3*r + 1558, 2*z = 3*z + 4*r + 396. Let g = -566 - z. Let w = -81 - g. List the prime factors of w.
97
Let n(c) = 13*c - 33. Let p be n(13). Suppose -68 = -12*f + p. Let l(s) = s**3 - 16*s**2 - 12*s - 21. What are the prime factors of l(f)?
2
Let z = 32 + -28. Suppose 5*w = 5*p, p + 9 + 6 = z*w. Suppose 3*x - 83 = -v + 3, -w*v = x - 458. What are the prime factors of v?
2, 23
Let k be (-3)/(-2) - 19/(-38). Suppose 0 = 3*w + 3, 4*g + 0*w - 1222 = k*w. What are the prime factors of g?
5, 61
Let o(g) be the third derivative of g**5/60 + 3*g**4/4 + 37*g**3 - 110*g**2. What are the prime factors of o(-30)?
2, 3, 97
Suppose -36 = -10*o - 16. Suppose -3*q + 861 = o*m, -8*q + 4*m = -4*q - 1128. List the prime factors of q.
3, 5, 19
Let h(m) = 5*m**3 - 2*m**2 + 3*m + 63. What are the prime factors of h(17)?
7, 11, 313
List the prime factors of (84/48)/((-185990)/(-139488) - (-80)/(-60)).
2, 7, 1453
Suppose 5*v - 189*n + 191*n = 119998, 0 = -5*v - 3*n + 119997. What are the prime factors of v?
2, 3, 5
Suppose 4*b + 3*l - 58 = 0, -5*l = 4*b - 54 - 8. Suppose 17 = d + b. Suppose 2*v - 3*m = -2*v + 507, 0 = v - d*m - 143. What are the prime factors of v?
3, 41
Let p = -301 + 339. Suppose -2*c - 2*j = -p, 4*c - 2*j - 75 = -11. List the prime factors of c.
17
Let x(y) be the first derivative of -y**3/3 - 17*y**2/2 + 44*y - 9. Let d be x(-19). Suppose s = d*s - 90. What are the prime factors of s?
2, 3
Let m = 80126 + -48072. What are the prime factors of m?
2, 11, 31, 47
Let x = 932 + -466. Suppose 0 = 3*p - x - 509. List the prime factors of p.
5, 13
Suppose 14*i + 3 = 13*i, -11245 = -f + 4*i. List the prime factors of f.
47, 239
Let g be (4/12)/((-3)/(-54))*3. Suppose g*s - 1002 - 5964 = 0. What are the prime factors of s?
3, 43
What are the prime factors of 50/1125 + 1222556/90?
2, 3, 283
Let z = 20823 - 10721. List the prime factors of z.
2, 5051
Let x be (-2)/8 + 77/4. Suppose -5*o + 296 = -x. What are the prime factors of o?
3, 7
Let t = -60448 - -111882. What are the prime factors of t?
2, 25717
Let k(q) = q**3 - q**2 + q - 5. Let m = 113 - 95. Let s be (-45)/(-10)*6*4/m. What are the prime factors of k(s)?
181
Suppose 105 = 19*a + 2*a. Suppose -329 - 3951 = -a*z. What are the prime factors of z?
2, 107
Suppose 2*t - 16 = -4*u, 0*u = -4*t + 3*u + 10. Suppose t*i + 1307 = 5*r, -5*r - 7*i + 1298 = -8*i. What are the prime factors of r?
7, 37
Let b = -3476 + 486. List the prime factors of b/(-4)*(-220)/(-275).
2, 13, 23
Let z(u) = -93*u - 203. Let k be z(-13). Let f = -144 + k. What are the prime factors of f?
2, 431
Suppose -3*g + 9 = 3*b, 5*b + 9 = 5*g - 46. Let d be (1/(-3))/(3/(-549)). Let t = g + d. List the prime factors of t.
2, 17
Suppose -64*m + 295393 = -30559. What are the prime factors of m?
11, 463
Let x(l) = l**2 + 13*l + 19. Let b be x(-5). Let c(z) = -13*z - 123. List the prime factors of c(b).
2, 3, 5
What are the prime factors of ((-81504)/117 - 10)*-13?
2, 3, 1531
Let z(v) = -2*v**3 + 44*v**2 + 55*v - 52. List the prime factors of z(21).
5, 397
Suppose -2729*c + 2726*c + 24 = 0, -v + 13336 = -c. What are the prime factors of v?
2, 3, 139
Suppose -5*i + 20*i - 16260 = 0. Suppose 7*p - i = 442. List the prime factors of p.
2, 109
Let i be ((-2 - 548)/5)/(-2 - 0). Suppose 0 = -3*r - 2*l + i, -3*r - 4*l = -3*l - 50. Let z = 49 + r. List the prime factors of z.
2
Suppose -10*d + 16510 = -4530. What are the prime factors of d?
2, 263
Let p(q) = q**3 + 14*q**2 - 15*q. Let m be p(-15). Suppose 0 = -m*w + 2*w + 2. List the prime factors of 4 + 769/4 + w/4.
2, 7
Suppose -41*o - 316 = -120*o. What are the prime factors of o?
2
Let a(l) = l**3 + 0*l**3 - 5*l + 12*l + 7*l**2. Suppose 0 = 43*u - 48*u + 5*g - 10, 0 = 3*u + 3*g + 6. List the prime factors of a(u).
2, 3
Let m(o) = -4*o**2 + 6*o - 1. Let t be m(1). Suppose -t = s - 66. List the prime factors of s.
5, 13
Suppose 96*k - 25254 = 14394. What are the prime factors of k?
7, 59
Suppose -2 + 6 = 2*o. Let y(j) = j - 3*j + 40 + o - 4*j. What are the prime factors of y(-6)?
2, 3, 13
Let l(o) = -458*o + 2529. What are the prime factors of l(-65)?
32299
Let v(r) = -r**3 - 112*r**2 - 814*r + 352. What are the prime factors of v(-107)?
5, 7, 863
What are the prime factors of (-4743400)/(-300) - (-4)/6?
2, 59, 67
Let n be 10552/14 - (-4)/14. Let l = -176 + n. List the prime factors of l.
2, 17
Let u(a) = 8*a**2 - 2*a + 15. Let d(h) = 9*h**2 - 3*h + 17. Let g(f) = -3*d(f) + 4*u(f). What are the prime factors of g(-5)?
3, 43
Suppose 0 = 5*l + 4*p - 3, 0*p = 3*l - 5*p - 24. Suppose 3*f - 74 = -q + 34, -9 = l*f. List the prime factors of q.
3, 13
Let o(m) be the second derivative of m**4/12 + 7*m**3/3 - 15*m**2/2 - m. Let q be o(-14). Let p(z) = z**3 + 15*z**2 - 4*z - 5. List the prime factors of p(q).
5, 11
Let